{"id":680,"date":"2024-11-30T15:59:18","date_gmt":"2024-11-30T15:59:18","guid":{"rendered":"https:\/\/teste.rgbsi.co.mz\/?page_id=680"},"modified":"2024-11-30T16:24:25","modified_gmt":"2024-11-30T16:24:25","slug":"portfolio","status":"publish","type":"page","link":"https:\/\/infarma.co.mz\/index.php\/portfolio\/","title":{"rendered":"S\u00f3lidos orais"},"content":{"rendered":"<div class=\"wpb-content-wrapper\"><p>[vc_row][vc_column][vc_column_text]<\/p>\n<table width=\"0\">\n<tbody>\n<tr>\n<td width=\"216\"><\/td>\n<td width=\"144\"><strong>\u00a0<\/strong><\/td>\n<td width=\"222\"><\/td>\n<\/tr>\n<tr>\n<td width=\"216\"><strong>Produto<\/strong><\/td>\n<td width=\"144\"><strong>Dosagem<\/strong><\/td>\n<td width=\"222\"><strong>Forma Farmac\u00eautica<\/strong><\/td>\n<\/tr>\n<tr>\n<td width=\"216\">Hidr\u00f3xido de alum\u00ednio BP<\/td>\n<td width=\"144\">500mg<\/td>\n<td width=\"222\">Comprimidos<\/td>\n<\/tr>\n<tr>\n<td width=\"216\">Metformina BP<\/td>\n<td width=\"144\">500mg e 1000mg<\/td>\n<td width=\"222\">Comprimidos<\/td>\n<\/tr>\n<tr>\n<td width=\"216\">Salbutamol BP<\/td>\n<td width=\"144\">2mg<\/td>\n<td width=\"222\">Comprimidos<\/td>\n<\/tr>\n<tr>\n<td width=\"216\">Paracetamol BP<\/td>\n<td width=\"144\">500mg<\/td>\n<td width=\"222\">Comprimidos<\/td>\n<\/tr>\n<tr>\n<td width=\"216\">Paracetamol USP<\/td>\n<td width=\"144\">500mg<\/td>\n<td width=\"222\">Comprimidos<\/td>\n<\/tr>\n<tr>\n<td width=\"216\">Carbamazepina BP<\/td>\n<td width=\"144\">200mg<\/td>\n<td width=\"222\">Comprimidos<\/td>\n<\/tr>\n<tr>\n<td width=\"216\">Ciprofloxacina BP<\/td>\n<td width=\"144\">500mg<\/td>\n<td width=\"222\">Comprimidos<\/td>\n<\/tr>\n<tr>\n<td width=\"216\">Clorfeniramina BP<\/td>\n<td width=\"144\">4mg<\/td>\n<td width=\"222\">Comprimidos<\/td>\n<\/tr>\n<tr>\n<td width=\"216\">Loratadina BP<\/td>\n<td width=\"144\">10mg<\/td>\n<td width=\"222\">Comprimidos<\/td>\n<\/tr>\n<tr>\n<td width=\"216\">Lisinopril BP<\/td>\n<td width=\"144\">5mg e 10mg<\/td>\n<td width=\"222\">Comprimidos<\/td>\n<\/tr>\n<tr>\n<td width=\"216\">Metoclopramida BP<\/td>\n<td width=\"144\">10mg<\/td>\n<td width=\"222\">Comprimidos<\/td>\n<\/tr>\n<tr>\n<td width=\"216\">Metronidazol BP<\/td>\n<td width=\"144\">250mg<\/td>\n<td width=\"222\">Comprimidos<\/td>\n<\/tr>\n<tr>\n<td width=\"216\">Multivitaminas BP<\/td>\n<td width=\"144\">NA<\/td>\n<td width=\"222\">Comprimidos<\/td>\n<\/tr>\n<tr>\n<td width=\"216\">Piridoxina (Vit B6) BP<\/td>\n<td width=\"144\">50mg<\/td>\n<td width=\"222\">Comprmidos<\/td>\n<\/tr>\n<tr>\n<td width=\"216\">Ibuprofeno USP<\/td>\n<td width=\"144\">200mg e 400mg<\/td>\n<td width=\"222\">Comprimidos<\/td>\n<\/tr>\n<tr>\n<td width=\"216\">Co-Trimoxazol BP<\/td>\n<td width=\"144\">480mg<\/td>\n<td width=\"222\">Comprimidos<\/td>\n<\/tr>\n<tr>\n<td width=\"216\">Glibenclamida BP<\/td>\n<td width=\"144\">5mg<\/td>\n<td width=\"222\">Comprimidos<\/td>\n<\/tr>\n<tr>\n<td width=\"216\">\u00c1cido F\u00f3lico USP<\/td>\n<td width=\"144\">5mg<\/td>\n<td width=\"222\">Comprimidos<\/td>\n<\/tr>\n<tr>\n<td width=\"216\">Propranolol BP<\/td>\n<td width=\"144\">40mg<\/td>\n<td width=\"222\">Comprimidos<\/td>\n<\/tr>\n<tr>\n<td width=\"216\">Captopril BP<\/td>\n<td width=\"144\">50mg<\/td>\n<td width=\"222\">Comprimidos<\/td>\n<\/tr>\n<tr>\n<td width=\"216\">Hidroclorotiazida USP<\/td>\n<td width=\"144\">25mg<\/td>\n<td width=\"222\">Comprimidos<\/td>\n<\/tr>\n<tr>\n<td width=\"216\">Amoxicilina USP<\/td>\n<td width=\"144\">500mg<\/td>\n<td width=\"222\">Comprimidos<\/td>\n<\/tr>\n<tr>\n<td width=\"216\">Amoxicilina BP<\/td>\n<td width=\"144\">500mg<\/td>\n<td width=\"222\">C\u00e1psulas<\/td>\n<\/tr>\n<tr>\n<td width=\"216\">Ketoconazol BP<\/td>\n<td width=\"144\">200mg<\/td>\n<td width=\"222\">Comprimidos<\/td>\n<\/tr>\n<tr>\n<td width=\"216\">Diclofenac BP<\/td>\n<td width=\"144\">50mg<\/td>\n<td width=\"222\">Comprimidos<\/td>\n<\/tr>\n<tr>\n<td width=\"216\">Omeprazol BP<\/td>\n<td width=\"144\">20mg<\/td>\n<td width=\"222\">C\u00e1psulas<\/td>\n<\/tr>\n<tr>\n<td width=\"216\">Fenoximetilpenicilina<\/td>\n<td width=\"144\">500mg<\/td>\n<td width=\"222\">Comprimidos<\/td>\n<\/tr>\n<tr>\n<td width=\"216\">Glicose 5%<\/td>\n<td width=\"144\">500ml e 1000ml<\/td>\n<td width=\"222\">Inject\u00e1veis<\/td>\n<\/tr>\n<tr>\n<td width=\"216\">Cloreto de S\u00f3dio 0.9%<\/td>\n<td width=\"144\">500ml e 1000ml<\/td>\n<td width=\"222\">Inject\u00e1veis<\/td>\n<\/tr>\n<tr>\n<td width=\"216\">Lactato de Ringer<\/td>\n<td width=\"144\">1000ml<\/td>\n<td width=\"222\">Inject\u00e1veis<\/td>\n<\/tr>\n<\/tbody>\n<\/table>\n<p>[\/vc_column_text][\/vc_column][\/vc_row]<\/p>\n<\/div>","protected":false},"excerpt":{"rendered":"<p>[vc_row][vc_column][vc_column_text] \u00a0 Produto Dosagem Forma Farmac\u00eautica Hidr\u00f3xido de alum\u00ednio BP 500mg Comprimidos Metformina BP 500mg e 1000mg Comprimidos Salbutamol BP 2mg Comprimidos Paracetamol BP 500mg Comprimidos Paracetamol USP 500mg Comprimidos Carbamazepina BP 200mg Comprimidos Ciprofloxacina BP 500mg Comprimidos Clorfeniramina BP 4mg Comprimidos Loratadina BP 10mg Comprimidos Lisinopril BP 5mg e 10mg Comprimidos Metoclopramida BP 10mg [&hellip;]<\/p>\n","protected":false},"author":1,"featured_media":0,"parent":0,"menu_order":0,"comment_status":"closed","ping_status":"closed","template":"","meta":{"content-type":"","footnotes":""},"class_list":["post-680","page","type-page","status-publish","hentry"],"_links":{"self":[{"href":"https:\/\/infarma.co.mz\/index.php\/wp-json\/wp\/v2\/pages\/680","targetHints":{"allow":["GET"]}}],"collection":[{"href":"https:\/\/infarma.co.mz\/index.php\/wp-json\/wp\/v2\/pages"}],"about":[{"href":"https:\/\/infarma.co.mz\/index.php\/wp-json\/wp\/v2\/types\/page"}],"author":[{"embeddable":true,"href":"https:\/\/infarma.co.mz\/index.php\/wp-json\/wp\/v2\/users\/1"}],"replies":[{"embeddable":true,"href":"https:\/\/infarma.co.mz\/index.php\/wp-json\/wp\/v2\/comments?post=680"}],"version-history":[{"count":6,"href":"https:\/\/infarma.co.mz\/index.php\/wp-json\/wp\/v2\/pages\/680\/revisions"}],"predecessor-version":[{"id":699,"href":"https:\/\/infarma.co.mz\/index.php\/wp-json\/wp\/v2\/pages\/680\/revisions\/699"}],"wp:attachment":[{"href":"https:\/\/infarma.co.mz\/index.php\/wp-json\/wp\/v2\/media?parent=680"}],"curies":[{"name":"wp","href":"https:\/\/api.w.org\/{rel}","templated":true}]}}