{"id":720,"date":"2024-12-01T16:57:48","date_gmt":"2024-12-01T16:57:48","guid":{"rendered":"https:\/\/teste.rgbsi.co.mz\/?page_id=720"},"modified":"2024-12-01T18:14:58","modified_gmt":"2024-12-01T18:14:58","slug":"farmacovigilancia","status":"publish","type":"page","link":"https:\/\/infarma.co.mz\/index.php\/farmacovigilancia\/","title":{"rendered":"Farmacovigil\u00e2ncia"},"content":{"rendered":"<div class=\"wpb-content-wrapper\"><p>[vc_row][vc_column][vc_custom_heading text=&#8221;A farmacovigil\u00e2ncia na INFARMA \u00e9 um componente essencial para garantir a seguran\u00e7a e efic\u00e1cia dos medicamentos produzidos, acondicionados e distribu\u00eddos pela empresa. A F\u00e1brica, em conformidade com as Boas Pr\u00e1ticas de Fabrico (BPF) e as normas internacionais, segue rigorosamente todas as directrizes estabelecidas pelas autoridades locais de sa\u00fade. Estes procedimentos s\u00e3o fundamentais para assegurar que os medicamentos comercializados pela INFARMA n\u00e3o s\u00f3 cumpram os requisitos de qualidade, mas tamb\u00e9m protejam a sa\u00fade p\u00fablica.<\/p>\n<p>A farmacovigil\u00e2ncia na INFARMA envolve a monitoriza\u00e7\u00e3o cont\u00ednua dos efeitos dos medicamentos ap\u00f3s a sua distribui\u00e7\u00e3o, com o objetivo de identificar e avaliar quaisquer rea\u00e7\u00f5es adversas ou potenciais riscos para os consumidores. Esta pr\u00e1tica permite uma resposta r\u00e1pida e eficaz a qualquer problema de seguran\u00e7a que possa surgir, garantindo que os produtos estejam sempre alinhados com as exig\u00eancias de seguran\u00e7a e efic\u00e1cia.<\/p>\n<p>Assim, a INFARMA n\u00e3o apenas segue as normas locais e internacionais, mas tamb\u00e9m adopta um compromisso constante com a melhoria da qualidade dos seus medicamentos, contribuindo para a confian\u00e7a dos profissionais de sa\u00fade e dos pacientes na sua linha de produtos.&#8221; font_container=&#8221;tag:p|font_size:1.1em|text_align:justify&#8221; use_theme_fonts=&#8221;yes&#8221; css=&#8221;&#8221; font_weight=&#8221;300&#8243; el_class=&#8221;m-b-lg pb-1&#8243;][\/vc_column][\/vc_row][vc_row el_class=&#8221;mb-5&#8243;][vc_column animation_delay=&#8221;1200&#8243; offset=&#8221;vc_col-md-6&#8243; animation_type=&#8221;fadeInUp&#8221;][vc_row_inner][vc_column_inner el_class=&#8221;col-auto&#8221; width=&#8221;1\/2&#8243;][vc_custom_heading text=&#8221;Contato&#8221; font_container=&#8221;tag:h4|font_size:.9em|text_align:left|color:%23969696&#8243; use_theme_fonts=&#8221;yes&#8221; css=&#8221;&#8221; text_transform=&#8221;text-uppercase&#8221; font_weight=&#8221;500&#8243; letter_spacing=&#8221;2.5px&#8221; el_class=&#8221;mb-1&#8243;]<div class=\"porto-sicon-box mb-2  wpb_custom_69541c7bb065189a70adbfda6a6ef40d style_1 default-icon\"><div class=\"porto-sicon-default\"><div id=\"porto-icon-104229627669fb34723dd17\" class=\"porto-just-icon-wrapper porto-sicon-img\" style=\"font-size: 23px;margin-right:8px;\"><img loading=\"lazy\" decoding=\"async\" class=\"img-icon\" alt=\"\" src=\"\/\/sw-themes.com\/porto_dummy\/wp-content\/uploads\/images\/construction\/call.svg\" width=\"23\" height=\"23\" \/><\/div><\/div><div class=\"porto-sicon-header\"><a class=\"porto-sicon-box-link\" href=\"tel:#\"><h5 class=\"porto-sicon-title\" style=\"\">SAC : +258 85 707 7035<\/h5><\/a><\/div> <!-- header --><\/div><!-- porto-sicon-box -->[\/vc_column_inner][vc_column_inner el_class=&#8221;col-auto&#8221; width=&#8221;1\/2&#8243;][vc_custom_heading text=&#8221;EMAIL&#8221; font_container=&#8221;tag:h4|font_size:.9em|text_align:left|color:%23969696&#8243; use_theme_fonts=&#8221;yes&#8221; css=&#8221;&#8221; text_transform=&#8221;text-uppercase&#8221; font_weight=&#8221;500&#8243; letter_spacing=&#8221;2.5px&#8221; el_class=&#8221;mb-1&#8243;]<div class=\"porto-sicon-box mb-2  wpb_custom_69541c7bb065189a70adbfda6a6ef40d style_1 default-icon\"><div class=\"porto-sicon-default\"><div id=\"porto-icon-30254316269fb34723e8a6\" class=\"porto-just-icon-wrapper porto-sicon-img\" style=\"font-size: 23px;margin-right:8px;\"><img loading=\"lazy\" decoding=\"async\" class=\"img-icon\" alt=\"\" src=\"\/\/sw-themes.com\/porto_dummy\/wp-content\/uploads\/images\/construction\/atmark.svg\" width=\"23\" height=\"23\" \/><\/div><\/div><div class=\"porto-sicon-header\"><a class=\"porto-sicon-box-link\" href=\"mailto:porto@portotheme.com\"><h5 class=\"porto-sicon-title\" style=\"\">faleconnosco@infarma.co.mz<\/h5><\/a><\/div> <!-- header --><\/div><!-- porto-sicon-box -->[\/vc_column_inner][\/vc_row_inner][\/vc_column][vc_column animation_delay=&#8221;1600&#8243; offset=&#8221;vc_col-md-6&#8243; animation_type=&#8221;fadeInUp&#8221;][vc_custom_heading text=&#8221;Endere\u00e7o&#8221; font_container=&#8221;tag:h4|font_size:.9em|text_align:left|color:%23969696&#8243; use_theme_fonts=&#8221;yes&#8221; css=&#8221;&#8221; text_transform=&#8221;text-uppercase&#8221; font_weight=&#8221;500&#8243; letter_spacing=&#8221;2.5px&#8221; el_class=&#8221;mb-1&#8243;]<div class=\"porto-sicon-box mb-2  wpb_custom_69541c7bb065189a70adbfda6a6ef40d style_1 default-icon\"><div class=\"porto-sicon-default\"><div class=\"porto-just-icon-wrapper porto-icon none\" style=\"color:#222529;font-size:24px;margin-right:8px;\"><i class=\"porto-icon-map-location\"><\/i><\/div><\/div><div class=\"porto-sicon-header\"><h5 class=\"porto-sicon-title\" style=\"\">Av. Uniao Africana Nr 1845 Matola | Mozambique, Matola<\/h5><\/div> <!-- header --><\/div><!-- porto-sicon-box -->[\/vc_column][\/vc_row][vc_row][vc_column animation_delay=&#8221;1400&#8243; el_class=&#8221;m-b-lg&#8221; offset=&#8221;vc_col-md-6&#8243; animation_type=&#8221;fadeInUp&#8221;][vc_custom_heading text=&#8221;Formul\u00e1rio de contato.&#8221; font_container=&#8221;tag:h2|font_size:1.8em|text_align:left&#8221; use_theme_fonts=&#8221;yes&#8221; css=&#8221;&#8221; el_class=&#8221;mb-0&#8243;]\n<div class=\"wpcf7 no-js\" id=\"wpcf7-f66-o1\" lang=\"en-US\" dir=\"ltr\" data-wpcf7-id=\"66\">\n<div class=\"screen-reader-response\"><p role=\"status\" aria-live=\"polite\" aria-atomic=\"true\"><\/p> <ul><\/ul><\/div>\n<form action=\"\/index.php\/wp-json\/wp\/v2\/pages\/720#wpcf7-f66-o1\" method=\"post\" class=\"wpcf7-form init\" aria-label=\"Contact form\" novalidate=\"novalidate\" data-status=\"init\">\n<div style=\"display: none;\">\n<input type=\"hidden\" name=\"_wpcf7\" value=\"66\" \/>\n<input type=\"hidden\" name=\"_wpcf7_version\" value=\"6.0\" \/>\n<input type=\"hidden\" name=\"_wpcf7_locale\" value=\"en_US\" \/>\n<input type=\"hidden\" name=\"_wpcf7_unit_tag\" value=\"wpcf7-f66-o1\" \/>\n<input type=\"hidden\" name=\"_wpcf7_container_post\" value=\"0\" \/>\n<input type=\"hidden\" name=\"_wpcf7_posted_data_hash\" value=\"\" \/>\n<\/div>\n<div class=\"form-group\">\n\t<span class=\"wpcf7-form-control-wrap\" data-name=\"your-name\"><input size=\"40\" maxlength=\"400\" class=\"wpcf7-form-control wpcf7-text wpcf7-validates-as-required form-control\" id=\"contact-name\" aria-required=\"true\" aria-invalid=\"false\" placeholder=\"Your Name\" value=\"\" type=\"text\" name=\"your-name\" \/><\/span>\n<\/div>\n<div class=\"form-group\">\n\t<span class=\"wpcf7-form-control-wrap\" data-name=\"your-email\"><input size=\"40\" maxlength=\"400\" class=\"wpcf7-form-control wpcf7-email wpcf7-validates-as-required wpcf7-text wpcf7-validates-as-email form-control\" id=\"contact-email\" aria-required=\"true\" aria-invalid=\"false\" placeholder=\"Your E-mail Address\" value=\"\" type=\"email\" name=\"your-email\" \/><\/span>\n<\/div>\n<div class=\"form-group\">\n\t<span class=\"wpcf7-form-control-wrap\" data-name=\"your-subject\"><input size=\"40\" maxlength=\"400\" class=\"wpcf7-form-control wpcf7-text form-control\" id=\"contact-subject\" aria-invalid=\"false\" placeholder=\"Subject\" value=\"\" type=\"text\" name=\"your-subject\" \/><\/span>\n<\/div>\n<div class=\"form-group\">\n\t<span class=\"wpcf7-form-control-wrap\" data-name=\"your-message\"><textarea cols=\"40\" rows=\"10\" maxlength=\"2000\" class=\"wpcf7-form-control wpcf7-textarea form-control\" id=\"contact-message\" aria-invalid=\"false\" placeholder=\"Message\" name=\"your-message\"><\/textarea><\/span>\n<\/div>\n<div class=\"form-group\">\n\t<input class=\"wpcf7-form-control wpcf7-submit has-spinner btn btn-primary btn-xl\" type=\"submit\" value=\"Submit\" \/>\n<\/div><div class=\"wpcf7-response-output\" aria-hidden=\"true\"><\/div>\n<\/form>\n<\/div>\n[\/vc_column][vc_column animation_delay=&#8221;1800&#8243; offset=&#8221;vc_col-md-6&#8243; animation_type=&#8221;fadeInUp&#8221;][vc_custom_heading text=&#8221;Nossa localiza\u00e7\u00e3o&#8221; font_container=&#8221;tag:h2|font_size:1.8em|text_align:left&#8221; use_theme_fonts=&#8221;yes&#8221; css=&#8221;&#8221; el_class=&#8221;mb-0&#8243;][vc_raw_html css=&#8221;&#8221;]JTNDaWZyYW1lJTIwc3JjJTNEJTIyaHR0cHMlM0ElMkYlMkZ3d3cuZ29vZ2xlLmNvbSUyRm1hcHMlMkZlbWJlZCUzRnBiJTNEJTIxMW0xNCUyMTFtOCUyMTFtMyUyMTFkMjI1NS43MTA2ODMxMDYwNzg3JTIxMmQzMi40OTY3NzI0JTIxM2QtMjUuOTM2MTY0MyUyMTNtMiUyMTFpMTAyNCUyMTJpNzY4JTIxNGYxMy4xJTIxM20zJTIxMW0yJTIxMXMweDFlZTY4Zjg2Y2EyNDg4OTclMjUzQTB4YzI4NjE3MDJkMDMxYTM3ZiUyMTJzSU5GQVJNQSUyNTIwLSUyNTIwSW5kdXN0cmlhJTI1MjBGYXJtYWMlMjVDMyUyNUFBdXRpY2ElMjUyQyUyNTIwTGRhLiUyMTVlMSUyMTNtMiUyMTFzcHQtUFQlMjEyc216JTIxNHYxNzMzMDcyMjI4MDg4JTIxNW0yJTIxMXNwdC1QVCUyMTJzbXolMjIlMjB3aWR0aCUzRCUyMjYwMCUyMiUyMGhlaWdodCUzRCUyMjI1MCUyMiUyMHN0eWxlJTNEJTIyYm9yZGVyJTNBMCUzQiUyMiUyMGFsbG93ZnVsbHNjcmVlbiUzRCUyMiUyMiUyMGxvYWRpbmclM0QlMjJsYXp5JTIyJTIwcmVmZXJyZXJwb2xpY3klM0QlMjJuby1yZWZlcnJlci13aGVuLWRvd25ncmFkZSUyMiUzRSUzQyUyRmlmcmFtZSUzRQ==[\/vc_raw_html][\/vc_column][\/vc_row]<\/p>\n<\/div>","protected":false},"excerpt":{"rendered":"<p>[vc_row][vc_column][vc_custom_heading text=&#8221;A farmacovigil\u00e2ncia na INFARMA \u00e9 um componente essencial para garantir a seguran\u00e7a e efic\u00e1cia dos medicamentos produzidos, acondicionados e distribu\u00eddos pela empresa. A F\u00e1brica, em conformidade com as Boas Pr\u00e1ticas de Fabrico (BPF) e as normas internacionais, segue rigorosamente todas as directrizes estabelecidas pelas autoridades locais de sa\u00fade. Estes procedimentos s\u00e3o fundamentais para assegurar [&hellip;]<\/p>\n","protected":false},"author":1,"featured_media":0,"parent":0,"menu_order":0,"comment_status":"closed","ping_status":"closed","template":"","meta":{"content-type":"","footnotes":""},"class_list":["post-720","page","type-page","status-publish","hentry"],"_links":{"self":[{"href":"https:\/\/infarma.co.mz\/index.php\/wp-json\/wp\/v2\/pages\/720","targetHints":{"allow":["GET"]}}],"collection":[{"href":"https:\/\/infarma.co.mz\/index.php\/wp-json\/wp\/v2\/pages"}],"about":[{"href":"https:\/\/infarma.co.mz\/index.php\/wp-json\/wp\/v2\/types\/page"}],"author":[{"embeddable":true,"href":"https:\/\/infarma.co.mz\/index.php\/wp-json\/wp\/v2\/users\/1"}],"replies":[{"embeddable":true,"href":"https:\/\/infarma.co.mz\/index.php\/wp-json\/wp\/v2\/comments?post=720"}],"version-history":[{"count":5,"href":"https:\/\/infarma.co.mz\/index.php\/wp-json\/wp\/v2\/pages\/720\/revisions"}],"predecessor-version":[{"id":729,"href":"https:\/\/infarma.co.mz\/index.php\/wp-json\/wp\/v2\/pages\/720\/revisions\/729"}],"wp:attachment":[{"href":"https:\/\/infarma.co.mz\/index.php\/wp-json\/wp\/v2\/media?parent=720"}],"curies":[{"name":"wp","href":"https:\/\/api.w.org\/{rel}","templated":true}]}}